{"id":547,"date":"2022-07-17T19:03:24","date_gmt":"2022-07-17T19:03:24","guid":{"rendered":"https:\/\/taontelecom.com\/site\/?page_id=547"},"modified":"2022-07-17T19:18:22","modified_gmt":"2022-07-17T19:18:22","slug":"quem-somos","status":"publish","type":"page","link":"https:\/\/taontelecom.com\/site\/quem-somos\/","title":{"rendered":"Quem somos"},"content":{"rendered":"\t\t<div data-elementor-type=\"wp-page\" data-elementor-id=\"547\" class=\"elementor elementor-547\">\n\t\t\t\t\t\t\t\t\t<section class=\"elementor-section elementor-top-section elementor-element elementor-element-676b337b elementor-section-stretched elementor-section-boxed elementor-section-height-default elementor-section-height-default\" data-id=\"676b337b\" data-element_type=\"section\" data-settings=\"{&quot;background_background&quot;:&quot;classic&quot;,&quot;stretch_section&quot;:&quot;section-stretched&quot;}\">\n\t\t\t\t\t\t<div class=\"elementor-container elementor-column-gap-no\">\n\t\t\t\t\t<div class=\"elementor-column elementor-col-100 elementor-top-column elementor-element elementor-element-68092237\" data-id=\"68092237\" data-element_type=\"column\">\n\t\t\t<div class=\"elementor-widget-wrap elementor-element-populated\">\n\t\t\t\t\t\t\t\t<div class=\"elementor-element elementor-element-325263a9 elementor-widget elementor-widget-menu-anchor\" data-id=\"325263a9\" data-element_type=\"widget\" data-widget_type=\"menu-anchor.default\">\n\t\t\t\t<div class=\"elementor-widget-container\">\n\t\t\t<style>\/*! elementor - v3.6.7 - 03-07-2022 *\/\nbody.elementor-page .elementor-widget-menu-anchor{margin-bottom:0}<\/style>\t\t<div id=\"quemsomos\" class=\"elementor-menu-anchor\"><\/div>\n\t\t\t\t<\/div>\n\t\t\t\t<\/div>\n\t\t\t\t<div class=\"elementor-element elementor-element-7bf7240d elementor-widget elementor-widget-heading\" data-id=\"7bf7240d\" data-element_type=\"widget\" data-widget_type=\"heading.default\">\n\t\t\t\t<div class=\"elementor-widget-container\">\n\t\t\t<style>\/*! elementor - v3.6.7 - 03-07-2022 *\/\n.elementor-heading-title{padding:0;margin:0;line-height:1}.elementor-widget-heading .elementor-heading-title[class*=elementor-size-]>a{color:inherit;font-size:inherit;line-height:inherit}.elementor-widget-heading .elementor-heading-title.elementor-size-small{font-size:15px}.elementor-widget-heading .elementor-heading-title.elementor-size-medium{font-size:19px}.elementor-widget-heading .elementor-heading-title.elementor-size-large{font-size:29px}.elementor-widget-heading .elementor-heading-title.elementor-size-xl{font-size:39px}.elementor-widget-heading .elementor-heading-title.elementor-size-xxl{font-size:59px}<\/style><h2 class=\"elementor-heading-title elementor-size-xl\">Quem somos<\/h2>\t\t<\/div>\n\t\t\t\t<\/div>\n\t\t\t\t<div class=\"elementor-element elementor-element-63ded64f elementor-widget elementor-widget-text-editor\" data-id=\"63ded64f\" data-element_type=\"widget\" data-widget_type=\"text-editor.default\">\n\t\t\t\t<div class=\"elementor-widget-container\">\n\t\t\t<style>\/*! elementor - v3.6.7 - 03-07-2022 *\/\n.elementor-widget-text-editor.elementor-drop-cap-view-stacked .elementor-drop-cap{background-color:#818a91;color:#fff}.elementor-widget-text-editor.elementor-drop-cap-view-framed .elementor-drop-cap{color:#818a91;border:3px solid;background-color:transparent}.elementor-widget-text-editor:not(.elementor-drop-cap-view-default) .elementor-drop-cap{margin-top:8px}.elementor-widget-text-editor:not(.elementor-drop-cap-view-default) .elementor-drop-cap-letter{width:1em;height:1em}.elementor-widget-text-editor .elementor-drop-cap{float:left;text-align:center;line-height:1;font-size:50px}.elementor-widget-text-editor .elementor-drop-cap-letter{display:inline-block}<\/style>\t\t\t\t<p>A T\u00e1 On Telecom iniciou suas atividades com outro nome, F\u00e1cil Net, e est\u00e1 h\u00e1 06 no mercado. Com o passar dos anos viemos sentindo a necessidade de mudar, de melhorar cada vez mais e a\u00ed nasceu a T\u00e1 On Telecom, que vem com conceito de jovialidade e crescimento continuo em Turi\u00faba no Munic\u00edpio de Pa\u00e7o do Lumiar.<\/p><p>Nossas atividades iniciaram de forma discreta, com uma empresa de pequeno porte em virtude das dificuldades daquela localidade ao acesso a internet, onde enxergamos a oportunidade e a necessidade daquela comunidade para iniciar esse empreendimento, mesmo com todas as dificuldades e adversidades que ter\u00edamos pela frente por conta\u00a0 dos altos investimentos iniciais para o setor, por\u00e9m decidimos com muita coragem e vontade de crescer d\u00e1 in\u00edcio a essa jornada e assim nasceu a \u00a0T\u00e1 On Telecom com objetivo de preencher essa lacuna desse servi\u00e7o naquela localidade, com isso conseguimos ir conquistando o mercado e consequentemente conseguimos evoluir e expandir cada vez mais.<\/p><p>E com o passar do tempo foi tomando uma propor\u00e7\u00e3o bem maior, onde conseguimos expandir para outras localidades, chegando at\u00e9 o Portal do Pa\u00e7o, abrangendo v\u00e1rias \u00e1reas de S\u00e3o Jos\u00e9 de Ribamar e Pa\u00e7o do Lumiar, e nosso objetivo \u00e9 expandir cada vez mais, investindo em novas tecnologias para melhorar a qualidade da internet ofertada por nosso provedor, levando uma melhor conex\u00e3o aos nossos clientes, agregando novos produtos.<\/p><p>Depois do segundo ano de exist\u00eancia da F\u00e1cil Net, hoje com nome de T\u00e1 On Telecom, deixou de ser uma empresa de bairro e come\u00e7ou a expandir para outros munic\u00edpios como Pa\u00e7o do Lumiar, chegando a v\u00e1rios outros bairros\u00a0 do Munic\u00edpio de S\u00e3o Jos\u00e9 de Ribamar, e como consequ\u00eancia dessa expans\u00e3o tivemos cada vez mais investimentos na tecnologia ofertada por nosso provedor, para conseguir atender cada dia mais clientes como mais qualidade na presta\u00e7\u00e3o dos nossos servi\u00e7os.<\/p><p><strong>MISS\u00c3O:<\/strong><\/p><p>Aprimorar nosso atendimento no segmento de provedores na busca por excel\u00eancia e seguran\u00e7a de modo que aperfei\u00e7oe a rela\u00e7\u00e3o com nossos clientes.<\/p><p><strong>VIS\u00c3O:<\/strong><\/p><p>Ter o devido reconhecimento por meio dos nossos valores e princ\u00edpios. Oferecendo transpar\u00eancia em conjunto \u00e0 veracidade, al\u00e9m da praticidade, seguran\u00e7a e agilidade em nosso atendimento..<\/p><p><strong>VALORES:<\/strong><\/p><ul><li>Credibilidade<\/li><li>Confiabilidade<\/li><li>Honestidade<\/li><li>Oportunidade<\/li><li>\u00c9tica<\/li><\/ul>\t\t\t\t\t\t<\/div>\n\t\t\t\t<\/div>\n\t\t\t\t\t<\/div>\n\t\t<\/div>\n\t\t\t\t\t\t\t<\/div>\n\t\t<\/section>\n\t\t\t\t\t\t\t<\/div>\n\t\t","protected":false},"excerpt":{"rendered":"<p>Quem somos A T\u00e1 On Telecom iniciou suas atividades com outro nome, F\u00e1cil Net, e est\u00e1 h\u00e1 06 no mercado. Com o passar dos anos viemos sentindo a necessidade de mudar, de melhorar cada vez mais e a\u00ed nasceu a T\u00e1 On Telecom, que vem com conceito de jovialidade e crescimento continuo em Turi\u00faba no [&hellip;]<\/p>\n","protected":false},"author":1,"featured_media":0,"parent":0,"menu_order":0,"comment_status":"closed","ping_status":"closed","template":"","meta":{"footnotes":""},"class_list":["post-547","page","type-page","status-publish","hentry","entry"],"_links":{"self":[{"href":"https:\/\/taontelecom.com\/site\/wp-json\/wp\/v2\/pages\/547","targetHints":{"allow":["GET"]}}],"collection":[{"href":"https:\/\/taontelecom.com\/site\/wp-json\/wp\/v2\/pages"}],"about":[{"href":"https:\/\/taontelecom.com\/site\/wp-json\/wp\/v2\/types\/page"}],"author":[{"embeddable":true,"href":"https:\/\/taontelecom.com\/site\/wp-json\/wp\/v2\/users\/1"}],"replies":[{"embeddable":true,"href":"https:\/\/taontelecom.com\/site\/wp-json\/wp\/v2\/comments?post=547"}],"version-history":[{"count":7,"href":"https:\/\/taontelecom.com\/site\/wp-json\/wp\/v2\/pages\/547\/revisions"}],"predecessor-version":[{"id":563,"href":"https:\/\/taontelecom.com\/site\/wp-json\/wp\/v2\/pages\/547\/revisions\/563"}],"wp:attachment":[{"href":"https:\/\/taontelecom.com\/site\/wp-json\/wp\/v2\/media?parent=547"}],"curies":[{"name":"wp","href":"https:\/\/api.w.org\/{rel}","templated":true}]}}